 s(z). Suppose -3*b + 6 = -3. What is c(b)?
1
Let f = 17 - 21. Let p be 4 + (-21)/((-12)/f). Let s(h) = h**2 + h - 3. Calculate s(p).
3
Let w(x) be the third derivative of -x**7/840 + x**5/60 - x**3/3 - x**2. Let r(s) be the first derivative of w(s). What is r(2)?
-4
Let p(n) be the second derivative of -n + 1/2*n**2 + 0 - 1/2*n**3. Let c = 1 + 1. What is p(c)?
-5
Suppose 3*d - 1 = -4. Let y(u) = -3*u + 14. Let v(r) = -r + 5. Let i be (1/(-3))/((-2)/(-66)). Let h(b) = i*v(b) + 4*y(b). What is h(d)?
2
Let i(c) be the second derivative of c**4/12 - c**3/3 - c**2/2 + c. Let d be i(4). Let v(g) = 2 + d*g + 1 - 3. Determine v(1).
7
Let j(p) = -p**2 - p + 1. Let c(a) = 4*a**2 - 4*a + 3. Let l(q) = c(q) + 3*j(q). Let m = 3 + 4. What is l(m)?
6
Let o(d) = 4*d - 9. Let w(y) = 7*y - 17. Let v(h) = 11*o(h) - 6*w(h). Determine v(6).
15
Let g(c) = 1 + 0*c - 2*c - 3*c + 4*c. Calculate g(5).
-4
Let m be (0 + 1)*(-20)/4. Let c be (-2)/m - 128/20. Let o = -9 - c. Let x(p) = -p. Give x(o).
3
Let v = 7 - 12. Let a(k) = -k**3 - 6*k**2 - 4*k + 1. Determine a(v).
-4
Let t(h) = -h**3 + 13*h**2 - 11*h - 4. Let c be t(12). Let s = c + -5. Let z(x) = -2*x - 1 + s*x**3 - x**2 + 4*x**3 + x + 2*x**2. Give z(-1).
-6
Suppose 4*n = 15 - 3. Let d(s) be the first derivative of -s**4/4 + 2*s**3/3 + 2*s**2 + s + 2. Determine d(n).
4
Let s(y) = y**2. Suppose -x + 3*d = -13, d + 3 = -2*x - 6. Suppose -19 = -i + 5*f, 18 = i + i - 5*f. Let n be i/(3 + x) - -2. Determine s(n).
1
Let r(w) = 5*w - 3. Let k(q) = -6*q + 3. Let f(i) = 3*k(i) + 4*r(i). What is f(5)?
7
Let k = 6 - 4. Let u = 1 - k. Let w(y) = -2*y + 1. Determine w(u).
3
Let n(h) be the first derivative of h**3/3 - 3*h**2/2 - 4*h - 2. What is n(5)?
6
Suppose -10*v + 2 = -9*v. Let n(c) = c + 2. What is n(v)?
4
Let l(a) = a + 3. Let z be l(-4). Let t(h) = -h. Let i(p) = -5*p**2 + 3*p - 1. Let m(o) = i(o) + 3*t(o). Calculate m(z).
-6
Let z(y) = -4 + 2 - 2 + 11*y. Let r(n) = 5*n - 2. Let i(f) = -5*r(f) + 2*z(f). Let v(h) = 3*h - 2. Let k(s) = 4*i(s) + 5*v(s). Calculate k(-2).
-8
Let l(f) = -2 + f**2 + 3*f - 1 + 6 - f. Give l(-3).
6
Let h(d) be the second derivative of 5/12*d**4 + 1/20*d**5 + 1/3*d**3 - 3/2*d**2 - d + 0. What is h(-4)?
5
Suppose -36 = 2*j - 26. Let u(x) = -x**3 - 5*x**2 - 2*x - 5. Give u(j).
5
Let s(v) be the second derivative of v**6/360 - v**5/24 - v**3/3 + v. Let d(y) be the second derivative of s(y). Let a = -6 + 10. Calculate d(a).
-4
Let b(u) be the second derivative of -u**4/12 - u**3 + u**2/2 - 10*u. What is b(-6)?
1
Suppose 1 = -o + 3. Let w(m) = -m**2 - 2*m + 1. Determine w(o).
-7
Let r(t) be the second derivative of t**6/120 + t**5/15 + 5*t**4/24 + t**3/3 - t**2 - 3*t. Let m(i) be the first derivative of r(i). What is m(-3)?
-4
Suppose 2*h = -2*m + 38, 2*m + 20 = 2*h - 2*m. Suppose 0 = -3*r + 4*r - 3*c - h, 0 = -r + 2*c + 11. Let b(z) = z. What is b(r)?
1
Let p(k) be the second derivative of -k**3/6 + k. Let g(d) = -d**3 - 5*d**2 + 5*d - 1. Let w be g(-6). Let z(l) = l**2 - 5*l + 1. Let r be z(w). What is p(r)?
-1
Let t(c) = -4*c + 1. Suppose 4*h - 3*a = -3, -2*h = -2*a + 1 + 3. What is t(h)?
-11
Let j(n) be the first derivative of n**4/4 - n - 15. Let o(w) = w**3 - w + 2. Suppose 0 = 4*p - 0*p + 8. Let b(x) = p*j(x) - o(x). What is b(1)?
-2
Let o(x) = -2*x + 2. Suppose 6 = -3*c - 0*c. What is o(c)?
6
Let p(r) be the second derivative of -r**5/20 + r**4/4 - r**3/6 - r**2/2 + 4*r. Calculate p(3).
-4
Suppose 5*q - 15 = 15. Let l(b) = -b**3 + 7*b**2 - 5*b - 7. Determine l(q).
-1
Let j(s) = -s**2 + 1. Let h(v) = 2*v**2 + 1. Let b(d) = -h(d) - j(d). Let l(p) be the first derivative of b(p). Give l(5).
-10
Let x(m) be the third derivative of m**8/6720 - m**7/840 - m**6/144 + m**5/20 - m**4/8 - m**2. Let u(k) be the second derivative of x(k). Determine u(4).
2
Let l(m) = -2 + 10*m - m**2 - 5*m + 10. Calculate l(6).
2
Let d(y) = 5*y**2 + 5. Let l(p) = 9*p**2 + 9. Let b(a) = -7*d(a) + 4*l(a). Let o = -2 + 4. Let v(t) = 2*t**2 - 4*t + 2. Let m be v(o). Determine b(m).
5
Let g(l) = l**2 - 6*l - 2. Let s = 20 - 10. Let p(n) = -n**2 + 11*n - 4. Let j be p(s). What is g(j)?
-2
Let t(d) = -d**2 + 2*d + 1. Let u(n) = -4*n**2 - 9*n - 5. Let w(g) = -5*t(g) - u(g). Give w(1).
8
Let h(c) = 3*c - 4. Suppose -5*q + 2*r - 18 = -r, r + 28 = -4*q. Let i = -9 + q. Let k be (-1 + 0)/(3/i). What is h(k)?
11
Let a(r) be the second derivative of r**4/12 - 2*r**2 + 17*r. Determine a(3).
5
Let h(n) = n. Suppose -3*m = -5*m. Suppose m*v - 32 = -4*v. Suppose 0 = -l - l - v. Determine h(l).
-4
Let x(l) = 2 - 7 - 13*l + 12*l + 2. Calculate x(-4).
1
Suppose 4*l + 6 = 8*l + y, -10 = -l + 4*y. Let m(p) = -p**2 - 2*p + 3. Give m(l).
-5
Let s(x) = x**3 - 2*x**2 - 4*x + 11. Let k(z) = z**2 - z + 1. Let i(c) = -4*k(c) + s(c). Determine i(6).
7
Let u(r) = r. Let q be (-1)/(2/(-16)) - 0. Suppose -m + 5 = 3*j - 5, 2*m - q = 0. Determine u(j).
2
Suppose 4*b - b + 30 = 0. Let i(m) = -m**2 - 10*m + 4. Let t be i(b). Let u(v) = -v**2 + 4*v - 6. Calculate u(t).
-6
Let h(o) = -2*o - 16 + 3 + 7 + 4. Determine h(-4).
6
Let r(u) = -2*u**2 + 7*u + 2. Suppose 0 = -7*m + 16*m - 54. Give r(m).
-28
Let k(d) = d**2 + d. Let j(c) = c**3 + 4*c**2 + 4*c - 2. Let s(i) = -j(i) + 5*k(i). Let q(m) = m + 1. Let x be q(-6). Let a = x - -5. Give s(a).
2
Let o(z) = z - 8 - z - z. Let h = 21 + -25. Give o(h).
-4
Let j(u) = -3*u. Let a = -18 + 20. Give j(a).
-6
Let y(o) = -o**3 + o**2 + o. Let g(a) = -3*a**3 + 3*a + 5. Let l(c) = g(c) - 4*y(c). Suppose q + 9 = 13. Give l(q).
1
Let v(n) be the third derivative of 1/8*n**4 - 1/3*n**3 + 1/120*n**5 + 0 + 0*n + n**2. Let i(b) be the first derivative of v(b). What is i(-3)?
0
Let o(a) = a**2 + 4*a - 3. Suppose 0 = 5*y + 27 - 2. Calculate o(y).
2
Let q = 0 - 0. Let h be q + -2 + (-34)/(-2). Suppose 6*f + h = f. Let x(r) = r**2 + r - 4. What is x(f)?
2
Let n be (-128)/(-20) - 15/(-25). Let g(h) be the third derivative of -h**6/120 + 7*h**5/60 - h**4/24 - h**3/6 - 2*h**2. What is g(n)?
-8
Let l(u) = 2*u**3 - u**2 + u. Let x = -5 + 5. Suppose -4*v - v + 10 = x. Suppose -1 = -v*f + 1. What is l(f)?
2
Let b(c) be the first derivative of -c**3/3 + 7*c**2/2 - 5*c + 15. Let z(p) = -2*p - 9. Let g be z(-7). Give b(g).
5
Suppose -4*d + 0 + 12 = 0. Let g(h) = h - 5. Let y be g(d). Let u(k) = 8*k + 2. What is u(y)?
-14
Let q = -2 - 4. Let k(r) be the third derivative of 0*r + 1/24*r**4 + 5/6*r**3 + 3*r**2 + 0. What is k(q)?
-1
Let s(d) be the second derivative of 7*d**6/720 + d**5/120 + d**4/12 + 2*d. Let i(u) be the third derivative of s(u). What is i(-1)?
-6
Let f(s) = 5*s + 2. Let c(v) = -85*v - 35. Let g(b) = 2*c(b) + 35*f(b). What is g(3)?
15
Let r(l) = -5*l - 15. Let x = 3 + -5. Let u(d) = -d - 3. Let f(p) = x*r(p) + 11*u(p). Give f(-5).
2
Let h(d) = -51*d**2 - 5*d + 4*d + 1 + 56*d**2. Give h(1).
5
Let a be 3/3 - 4/2. Let d(g) = -5*g**3. Let u be d(-1). Let s(x) = 2 - 3 - 2*x - u*x**2 - 6*x**3 + x**2 + 2*x**2. Calculate s(a).
5
Let p(w) = -4*w**2 - 7*w + 14 + 3*w**2 - 21. Suppose b + 6 = -2*l, 7*b + 2*l = 3*b - 24. Determine p(b).
-1
Let q = 13 - 14. Let n(p) = -4*p - 1. Calculate n(q).
3
Let k(y) = 5*y + 4*y**3 - 3*y**3 + 15 - 11 + 5*y**2. What is k(-3)?
7
Let z(a) be the second derivative of a**4/12 - 2*a**3/3 + 3*a**2 - a - 19. Calculate z(4).
6
Let i(o) = -4*o - 1. Let x be i(-2). Suppose 0 = -6*d + 11*d. Let s(w) = -x + 3*w - w + d. What is s(5)?
3
Suppose -2*j = -5*s - 1, -2*j - 5*s + 17 = 2*j. Suppose 0 = -3*g - 12, 6*g - 2*g = j*a - 4. Let z(v) = v**2 + 5*v + 2. Determine z(a).
-2
Let u(r) = -7 + r**2 - 12*r - 2 + 2. Determine u(13).
6
Suppose -2*s - 3*o + 3 = -4*s, 0 = -3*o + 9. Suppose -g - 4*k + s = -0*g, -4*k = -8. Let v(y) = -y**2 - 3*y + 6. Give v(g).
-4
Let d(q) = -q**2 - 6*q + 5. Let g(y) = -y**2 - 3*y - 1. Let n be g(-3). Let l = n - -3. Suppose -l*a - 3*a - 30 = 0. Calculate d(a).
5
Suppose -5*g - 3*x + 0*x = -85, 2*g - 45 = x. Let h = g + -23. Let p(v) = 2*v**2 + 4*v + 1. Calculate p(h).
7
Let y(d) = -2*d - 6. Suppose 0*n = -3*n - 12. What is y(n)?
2
Let m = 73 + -72. Let o(i) = -7*i**2 + 2*i - 1. Determine o(m).
-6
Let z(d) = 3*d + 15*d**3 - 1 - 3*d**2 - 2*d - 16*d**3. Let n = -7 + 4. Give z(n).
-4
Let o = -214 + 216. Let g(q) be the first derivative of 4 - q**o + 1/4*q**4 + q**3 + 3*q. What is g(-4)?
-5
Suppose 